{"id":510,"date":"2018-06-04T17:35:44","date_gmt":"2018-06-04T15:35:44","guid":{"rendered":"http:\/\/romanillos.org\/?page_id=510"},"modified":"2018-06-04T17:35:44","modified_gmt":"2018-06-04T15:35:44","slug":"actividades-2016","status":"publish","type":"page","link":"http:\/\/romanillos.org\/?page_id=510","title":{"rendered":"Actividades 2016"},"content":{"rendered":"<p>\u2022\u00a0\u00a0\u00a0 S\u00e1bado 4 de junio a las 20:00 horas, por Andrea Dieci, guitarra espa\u00f1ola, en la Ermita de San Roque, Sig\u00fcenza<br \/>\n\u2022\u00a0\u00a0\u00a0 S\u00e1bado 18 de junio a las 20:00 horas, por Duetto Galante, Miriam Rubio guitarra rom\u00e1ntica y Luis Ll\u00e1cer viola, en la Ermita de San Roque, Sig\u00fcenza<br \/>\n\u2022\u00a0\u00a0\u00a0 Domingo 3 de julio a las 20:00 horas, por Orquesta de Guitarras de Madrid, guitarra espa\u00f1ola, en El P\u00f3sito, calle del Peso, Sig\u00fcenza<br \/>\n\u2022\u00a0\u00a0\u00a0 S\u00e1bado 16 de julio a las 20:00 horas, por Navid Zandaveh, guitarra espa\u00f1ola, en la Ermita de San Roque, Sig\u00fcenza<br \/>\n\u2022\u00a0\u00a0\u00a0 Martes 22 de noviembre a las 20:30 horas, por Antigoni Goni, guitarra espa\u00f1ola, en El P\u00f3sito, calle del Peso, Sig\u00fcenza<\/p>\n","protected":false},"excerpt":{"rendered":"<p>\u2022\u00a0\u00a0\u00a0 S\u00e1bado 4 de junio a las 20:00 horas, por Andrea Dieci, guitarra espa\u00f1ola, en la Ermita de San Roque, Sig\u00fcenza \u2022\u00a0\u00a0\u00a0 S\u00e1bado 18 de junio a las 20:00 horas, por Duetto Galante, Miriam Rubio guitarra rom\u00e1ntica y Luis Ll\u00e1cer &hellip; <a href=\"http:\/\/romanillos.org\/?page_id=510\">Sigue leyendo <span class=\"meta-nav\">&rarr;<\/span><\/a><\/p>\n","protected":false},"author":2,"featured_media":0,"parent":0,"menu_order":0,"comment_status":"closed","ping_status":"open","template":"","meta":{"footnotes":""},"_links":{"self":[{"href":"http:\/\/romanillos.org\/index.php?rest_route=\/wp\/v2\/pages\/510"}],"collection":[{"href":"http:\/\/romanillos.org\/index.php?rest_route=\/wp\/v2\/pages"}],"about":[{"href":"http:\/\/romanillos.org\/index.php?rest_route=\/wp\/v2\/types\/page"}],"author":[{"embeddable":true,"href":"http:\/\/romanillos.org\/index.php?rest_route=\/wp\/v2\/users\/2"}],"replies":[{"embeddable":true,"href":"http:\/\/romanillos.org\/index.php?rest_route=%2Fwp%2Fv2%2Fcomments&post=510"}],"version-history":[{"count":1,"href":"http:\/\/romanillos.org\/index.php?rest_route=\/wp\/v2\/pages\/510\/revisions"}],"predecessor-version":[{"id":511,"href":"http:\/\/romanillos.org\/index.php?rest_route=\/wp\/v2\/pages\/510\/revisions\/511"}],"wp:attachment":[{"href":"http:\/\/romanillos.org\/index.php?rest_route=%2Fwp%2Fv2%2Fmedia&parent=510"}],"curies":[{"name":"wp","href":"https:\/\/api.w.org\/{rel}","templated":true}]}}

<p>•    Sábado 4 de junio a las 20:00 horas, por Andrea Dieci, guitarra española, en la Ermita de San Roque, Sigüenza<br />
•    Sábado 18 de junio a las 20:00 horas, por Duetto Galante, Miriam Rubio guitarra romántica y Luis Llácer viola, en la Ermita de San Roque, Sigüenza<br />
•    Domingo 3 de julio a las 20:00 horas, por Orquesta de Guitarras de Madrid, guitarra española, en El Pósito, calle del Peso, Sigüenza<br />
•    Sábado 16 de julio a las 20:00 horas, por Navid Zandaveh, guitarra española, en la Ermita de San Roque, Sigüenza<br />
•    Martes 22 de noviembre a las 20:30 horas, por Antigoni Goni, guitarra española, en El Pósito, calle del Peso, Sigüenza</p>

<p>•    Sábado 4 de junio a las 20:00 horas, por Andrea Dieci, guitarra española, en la Ermita de San Roque, Sigüenza •    Sábado 18 de junio a las 20:00 horas, por Duetto Galante, Miriam Rubio guitarra romántica y Luis Llácer &hellip; <a href="http://romanillos.org/?page_id=510">Sigue leyendo <span class="meta-nav">&rarr;</span></a></p>
