{"id":459,"date":"2016-02-12T15:04:11","date_gmt":"2016-02-12T13:04:11","guid":{"rendered":"http:\/\/romanillos.org\/?page_id=459"},"modified":"2016-02-14T20:32:06","modified_gmt":"2016-02-14T18:32:06","slug":"actividades-2015","status":"publish","type":"page","link":"http:\/\/romanillos.org\/?page_id=459","title":{"rendered":"Actividades 2015"},"content":{"rendered":"<ul>\n<li><strong>Alejo de los Reyes<\/strong>, concierto de guitarra espa\u00f1ola, domingo 14 de junio 2015, 20:00 horas en La Iglesia de Santiago, Sig\u00fcenza<\/li>\n<li><strong>Javier Villaverde<\/strong>,\u00a0 guitarra espa\u00f1ola con <strong>M\u00aa Carmen Hernando<\/strong>, voz, s\u00e1bado 18 de julio 2015, 20:30 horas en la Ermita de San Roque, Sig\u00fcenza<\/li>\n<li><strong>Javier Villaverde<\/strong>, concierto de guitarra espa\u00f1ola, s\u00e1bado 24 de julio 2015, 20:30 horas, en la Ermita de San Roque, Sig\u00fcenza<\/li>\n<\/ul>\n","protected":false},"excerpt":{"rendered":"<p>Alejo de los Reyes, concierto de guitarra espa\u00f1ola, domingo 14 de junio 2015, 20:00 horas en La Iglesia de Santiago, Sig\u00fcenza Javier Villaverde,\u00a0 guitarra espa\u00f1ola con M\u00aa Carmen Hernando, voz, s\u00e1bado 18 de julio 2015, 20:30 horas en la Ermita &hellip; <a href=\"http:\/\/romanillos.org\/?page_id=459\">Sigue leyendo <span class=\"meta-nav\">&rarr;<\/span><\/a><\/p>\n","protected":false},"author":2,"featured_media":0,"parent":0,"menu_order":0,"comment_status":"closed","ping_status":"open","template":"","meta":{"footnotes":""},"_links":{"self":[{"href":"http:\/\/romanillos.org\/index.php?rest_route=\/wp\/v2\/pages\/459"}],"collection":[{"href":"http:\/\/romanillos.org\/index.php?rest_route=\/wp\/v2\/pages"}],"about":[{"href":"http:\/\/romanillos.org\/index.php?rest_route=\/wp\/v2\/types\/page"}],"author":[{"embeddable":true,"href":"http:\/\/romanillos.org\/index.php?rest_route=\/wp\/v2\/users\/2"}],"replies":[{"embeddable":true,"href":"http:\/\/romanillos.org\/index.php?rest_route=%2Fwp%2Fv2%2Fcomments&post=459"}],"version-history":[{"count":5,"href":"http:\/\/romanillos.org\/index.php?rest_route=\/wp\/v2\/pages\/459\/revisions"}],"predecessor-version":[{"id":468,"href":"http:\/\/romanillos.org\/index.php?rest_route=\/wp\/v2\/pages\/459\/revisions\/468"}],"wp:attachment":[{"href":"http:\/\/romanillos.org\/index.php?rest_route=%2Fwp%2Fv2%2Fmedia&parent=459"}],"curies":[{"name":"wp","href":"https:\/\/api.w.org\/{rel}","templated":true}]}}

<ul>
<li><strong>Alejo de los Reyes</strong>, concierto de guitarra española, domingo 14 de junio 2015, 20:00 horas en La Iglesia de Santiago, Sigüenza</li>
<li><strong>Javier Villaverde</strong>,  guitarra española con <strong>Mª Carmen Hernando</strong>, voz, sábado 18 de julio 2015, 20:30 horas en la Ermita de San Roque, Sigüenza</li>
<li><strong>Javier Villaverde</strong>, concierto de guitarra española, sábado 24 de julio 2015, 20:30 horas, en la Ermita de San Roque, Sigüenza</li>
</ul>

<p>Alejo de los Reyes, concierto de guitarra española, domingo 14 de junio 2015, 20:00 horas en La Iglesia de Santiago, Sigüenza Javier Villaverde,  guitarra española con Mª Carmen Hernando, voz, sábado 18 de julio 2015, 20:30 horas en la Ermita &hellip; <a href="http://romanillos.org/?page_id=459">Sigue leyendo <span class="meta-nav">&rarr;</span></a></p>
