{"id":441,"date":"2014-08-18T19:50:25","date_gmt":"2014-08-18T17:50:25","guid":{"rendered":"http:\/\/romanillos.org\/?page_id=441"},"modified":"2014-08-18T19:51:22","modified_gmt":"2014-08-18T17:51:22","slug":"actividades-2014","status":"publish","type":"page","link":"http:\/\/romanillos.org\/?page_id=441","title":{"rendered":"Actividades 2014"},"content":{"rendered":"<ul>\n<li><strong>Elena Papandreou<\/strong> Concierto de Guitarra Espa\u00f1ola<br \/>\nS\u00e1bado 2 de agosto 2014   20:00 horas  Iglesia de Santiago, Sig\u00fcenza<\/li>\n<\/ul>\n","protected":false},"excerpt":{"rendered":"<p>Elena Papandreou Concierto de Guitarra Espa\u00f1ola S\u00e1bado 2 de agosto 2014 20:00 horas Iglesia de Santiago, Sig\u00fcenza<\/p>\n","protected":false},"author":2,"featured_media":0,"parent":18,"menu_order":0,"comment_status":"closed","ping_status":"open","template":"","meta":{"footnotes":""},"_links":{"self":[{"href":"http:\/\/romanillos.org\/index.php?rest_route=\/wp\/v2\/pages\/441"}],"collection":[{"href":"http:\/\/romanillos.org\/index.php?rest_route=\/wp\/v2\/pages"}],"about":[{"href":"http:\/\/romanillos.org\/index.php?rest_route=\/wp\/v2\/types\/page"}],"author":[{"embeddable":true,"href":"http:\/\/romanillos.org\/index.php?rest_route=\/wp\/v2\/users\/2"}],"replies":[{"embeddable":true,"href":"http:\/\/romanillos.org\/index.php?rest_route=%2Fwp%2Fv2%2Fcomments&post=441"}],"version-history":[{"count":3,"href":"http:\/\/romanillos.org\/index.php?rest_route=\/wp\/v2\/pages\/441\/revisions"}],"predecessor-version":[{"id":446,"href":"http:\/\/romanillos.org\/index.php?rest_route=\/wp\/v2\/pages\/441\/revisions\/446"}],"up":[{"embeddable":true,"href":"http:\/\/romanillos.org\/index.php?rest_route=\/wp\/v2\/pages\/18"}],"wp:attachment":[{"href":"http:\/\/romanillos.org\/index.php?rest_route=%2Fwp%2Fv2%2Fmedia&parent=441"}],"curies":[{"name":"wp","href":"https:\/\/api.w.org\/{rel}","templated":true}]}}