{"id":311,"date":"2013-06-02T14:14:03","date_gmt":"2013-06-02T12:14:03","guid":{"rendered":"http:\/\/romanillos.org\/?page_id=311"},"modified":"2016-02-15T14:13:17","modified_gmt":"2016-02-15T12:13:17","slug":"activities-2013","status":"publish","type":"page","link":"http:\/\/romanillos.org\/?page_id=311","title":{"rendered":"Activities 2013"},"content":{"rendered":"<ul>\n<li><strong>David Russell<\/strong>, guitar, Sunday, 30th June 2013, 8 p.m, Sal\u00f3n de Actos, El P\u00f3sito, calle del Peso, Sig\u00fcenza<\/li>\n<li><strong>Jes\u00fas S\u00e1nchez<\/strong>, vihuela de mano, lute, four &amp; five course guitars, Saturday, 20th July 2013, 9 p.m. La Iglesia de Santiago, calle Mayor, Sig\u00fcenza<\/li>\n<li><strong>Miguel Javaloy<\/strong>, Spanish guitar, Saturday, 27th July 2013, 9 p.m. Sal\u00f3n de Actos, El P\u00f3sito, calle del Peso, Sig\u00fcenza<\/li>\n<li><strong>John Griffiths<\/strong>, vihuela de mano, lecture &amp; concert, Saturday, 10th August 2013, 7 p.m. la Iglesia de Santiago, calle Mayor, Sig\u00fcenza<\/li>\n<\/ul>\n<p>Entrance fee to the concerts 5\u20ac<\/p>\n<p>Free entrance to the concerts for members of the Association<\/p>\n<p>3\u20ac for pensioners<\/p>\n","protected":false},"excerpt":{"rendered":"<p>David Russell, guitar, Sunday, 30th June 2013, 8 p.m, Sal\u00f3n de Actos, El P\u00f3sito, calle del Peso, Sig\u00fcenza Jes\u00fas S\u00e1nchez, vihuela de mano, lute, four &amp; five course guitars, Saturday, 20th July 2013, 9 p.m. La Iglesia de Santiago, calle &hellip; <a href=\"http:\/\/romanillos.org\/?page_id=311\">Sigue leyendo <span class=\"meta-nav\">&rarr;<\/span><\/a><\/p>\n","protected":false},"author":2,"featured_media":0,"parent":251,"menu_order":0,"comment_status":"closed","ping_status":"open","template":"","meta":{"footnotes":""},"_links":{"self":[{"href":"http:\/\/romanillos.org\/index.php?rest_route=\/wp\/v2\/pages\/311"}],"collection":[{"href":"http:\/\/romanillos.org\/index.php?rest_route=\/wp\/v2\/pages"}],"about":[{"href":"http:\/\/romanillos.org\/index.php?rest_route=\/wp\/v2\/types\/page"}],"author":[{"embeddable":true,"href":"http:\/\/romanillos.org\/index.php?rest_route=\/wp\/v2\/users\/2"}],"replies":[{"embeddable":true,"href":"http:\/\/romanillos.org\/index.php?rest_route=%2Fwp%2Fv2%2Fcomments&post=311"}],"version-history":[{"count":8,"href":"http:\/\/romanillos.org\/index.php?rest_route=\/wp\/v2\/pages\/311\/revisions"}],"predecessor-version":[{"id":314,"href":"http:\/\/romanillos.org\/index.php?rest_route=\/wp\/v2\/pages\/311\/revisions\/314"}],"up":[{"embeddable":true,"href":"http:\/\/romanillos.org\/index.php?rest_route=\/wp\/v2\/pages\/251"}],"wp:attachment":[{"href":"http:\/\/romanillos.org\/index.php?rest_route=%2Fwp%2Fv2%2Fmedia&parent=311"}],"curies":[{"name":"wp","href":"https:\/\/api.w.org\/{rel}","templated":true}]}}